-2*r**2 - 19*r - 953. Give q(-6).
5
Let z = -13 + 15. Let r(b) = 5*b**3 + 1 + 4*b**3 - 3*b**z + 4*b - 11*b**3. Give r(-3).
16
Let t(j) = j**3 + 14*j**2 + 4. Let f be (-2310)/198*(-12)/(-10). Determine t(f).
4
Let r(j) = 7*j**2 + 2*j + 5. Let f = 38 - 35. Let g(b) = 4*b**2 + b + 3. Let s(l) = f*r(l) - 5*g(l). Give s(1).
2
Let i be (250/(-15))/(2/6). Let o be 10/i - (-52)/10. Let p(c) be the second derivative of c**3/6 - 3*c**2/2 + 4*c. Give p(o).
2
Let o(k) be the first derivative of -k**3/3 + k**2/2 + k - 27. Suppose -2*s - 3 = -s. Determine o(s).
-11
Let a(h) = h + 8. Let o be a(-6). Let z(b) = -2*b**2 - 50*b + o + 46*b + b**2. Give z(-4).
2
Let k(n) be the second derivative of 1/2*n**2 + 3*n - 1/2*n**3 + 0. Let d(y) = -4*y + 58. Let a be d(14). Calculate k(a).
-5
Suppose -5*x = -5*t + 175, 4*x - 3*x - 3*t + 45 = 0. Let q = 33 + x. Let y(c) = q + 0 - 3*c - 3. Determine y(2).
-6
Let f(p) = -24*p + 19*p - 4 + 2 + 4*p. Calculate f(2).
-4
Let y(s) = s**3 - 5*s**2 + s. Let q be y(4). Let p be 9/q + (-114)/(-24). Let o(i) = 3 + 3 - 4 - i. Give o(p).
-2
Let t(p) = p - 12. Let w(m) be the second derivative of -m**5/20 + 3*m**4/2 - 3*m**3 + 12*m**2 + 22*m. Let l be w(17). Calculate t(l).
-5
Let f(p) = p**3 - 4*p**2 - 5*p + 4. Let s be f(5). Let x(i) = i**2 + 18*i - 1. Let l(n) = 8*n**2 + 133*n - 6. Let a(o) = 2*l(o) - 15*x(o). Calculate a(s).
3
Let l(u) = -u**3 - 4*u**2 + 2*u - 6. Let c = 27 + -22. Suppose -4*i = -3*h + 11, c*h - h + 37 = -5*i. What is l(i)?
9
Let c(u) = u**3 - 4*u**2 + 5*u - 3. Let l = 1 - -5. Let i be (-180)/54*l/(-5). Give c(i).
17
Let q(d) = -4*d - 8. Let k = -344 - -341. Give q(k).
4
Let f = -207 + 198. Let x(u) = -u**2 - 10*u - 13. What is x(f)?
-4
Suppose 0*f + 2*f = 6. Suppose -f*z + 6 = -6. Let h(g) = 4*g + z*g + 10 - 1 - 5*g. Determine h(-6).
-9
Suppose -5*o + 4*a = 12, 31*a - 6 = 34*a. Let i(t) = -2*t + 2*t**2 - 4*t**3 + 5*t**3 - 5 - 4*t. What is i(o)?
-13
Let o(f) = -f**3 - 11*f**2 - 11*f - 9. Let i = -182 - -172. Give o(i).
1
Let f = 464 + -470. Let g(o) = o + 3. Determine g(f).
-3
Let n be 4/3*(-6)/(-4). Let h(w) = 3*w**2 + 2*w + 8. Let r(j) = -39*j - 4 + 4*j**2 - 6*j**2 + j**2 + 38*j. Let l(x) = n*h(x) + 5*r(x). Determine l(3).
2
Let v(o) = -o**3 - 3*o**2. Let q(f) = 5*f**3 + 11*f**2 + 1. Let x(u) = -2*q(u) - 9*v(u). Calculate x(4).
14
Let v(h) be the third derivative of 15*h**2 + 0*h + 0 - 5/3*h**3 - 1/12*h**4. Give v(-8).
6
Let h(u) = 10 - 4 - 170*u + 336*u - 165*u. Calculate h(5).
11
Let h(z) be the second derivative of -z**5/20 + z**4/12 + 5*z**3/6 - z**2 - 136*z. Calculate h(3).
-5
Let l(h) = -4*h**2 + h. Let i(a) be the third derivative of a**5/60 + 47*a**2. Let z(d) = 3*i(d) - l(d). Give z(1).
6
Let d be (-1)/(0 + 2/10). Let f(b) = -138*b - b**2 + 271*b - 139*b - 4. Give f(d).
1
Let w(d) be the first derivative of -d**4/4 + 13*d**3/3 - 13*d**2/2 + 14*d + 119. Determine w(12).
2
Let p be 3 - (-3)/(-2)*4. Let t(a) = 7*a - 3*a + 4 + 4*a**2 - 4*a + a**3. Determine t(p).
13
Let j(u) = -u**2 - 11*u - 1. Suppose -z = c - 10 + 24, -3*c = -z - 2. What is j(z)?
-1
Suppose 3*j - 2*i = 4*j + 3, -3*i = 3*j - 3. Let u(l) = -3*l - 7. Determine u(j).
-22
Let m(g) = -g**3 - 6*g**2 - 3*g + 1. Let q(j) = -3*j**3 - 17*j**2 - 8*j + 2. Let v(u) = 8*m(u) - 3*q(u). Let o(s) = -s**2 - 8*s - 10. Let k be o(-7). Give v(k).
2
Suppose -135*r = -140*r - 10. Let j(p) = p**3 - 3*p**2 - 2*p + 2. Determine j(r).
-14
Let p(k) = -5*k**2 - k. Let x be 10/65 + 37/13 + -43. Let n be 1/((-6)/(-10) - 16/x). Give p(n).
-6
Let y = 2 + 7. Let j(o) = -o**3 + 6*o**2 + 6*o - 34. Let i be j(6). Suppose -5 = i*q + y. Let k(n) = -n**2 - 8*n - 2. What is k(q)?
5
Let t(p) be the first derivative of -23*p**2/2 + p - 70. Give t(-1).
24
Let p(k) = -k**2 + 1. Let z(s) = 3*s**2 - 5*s - 1. Let l(j) = -j**3 + j**2 - j + 1. Let v be l(0). Let u(c) = v*z(c) + 2*p(c). Determine u(3).
-5
Let h(u) = -u**3 + u**2 + u + 2. Let n(q) = -3*q**3 - 2*q**2 - q + 3. Let i(t) = 2*h(t) - n(t). Give i(-3).
1
Let v(m) be the third derivative of m**6/360 - m**5/24 + m**4/24 - m**3/6 - m**2. Let b(d) be the first derivative of v(d). Let k = -69 + 71. Determine b(k).
-5
Let f(w) = -w + 10. Let i be f(5). Let b(o) = 3*o**2 - 5*o + 12. Let l(u) = 4*u**2 - 7*u + 18. Let t(c) = i*l(c) - 7*b(c). Let g = 0 + 0. Give t(g).
6
Let d(m) = 110*m**2 - 211*m**2 - 4*m - 13 + 102*m**2. Give d(5).
-8
Let i(x) = 2*x**2 + x - 18. Let g(p) = -p**2 + 1. Let k(h) = g(h) + i(h). Let n(b) be the first derivative of k(b). Determine n(-2).
-3
Let k(i) = -i - 1. Let w be (-6)/27 + 50/(-18). What is k(w)?
2
Let v(m) be the first derivative of -1/3*m**3 - 2 + 0*m + 3*m**2. Suppose 0 = 4*f - 2*q - 26, f - 5*q = 3 + 8. Calculate v(f).
0
Let z(r) = r**2 - 3*r - 1. Let w be z(4). Let c(k) = w*k - 63 + k**3 - k**2 + 64 + 3*k**2. Suppose f + 2*l = -l + 1, 4*l = -3*f - 2. Calculate c(f).
-5
Let y(g) = -g**2 - 6*g - 6. Let f be 9/6*16/(-6). Let a be y(f). Let s(r) = -a*r + 2*r + 1 + r - 2*r. Determine s(3).
-2
Let x(m) = -m - 4 - 42*m**3 + 5*m**2 - 34*m**3 - 36*m**3 + 111*m**3. Give x(3).
11
Let s = -5 + 5. Suppose -2*u + 6 = -2*l - s*u, -u + 2 = -2*l. Suppose -3*h = -5*q - 4 - l, 4*h = 3*q + 3. Let i(j) = j**2 - j + 4. Determine i(h).
4
Let a be (-27)/6 + 4 + 21/14. Let d(g) be the third derivative of -g**6/40 - g**4/24 + g**3/6 - 7*g**2. Determine d(a).
-3
Let d(x) be the first derivative of x**3 + x**2/2 + 2*x + 8. Calculate d(-2).
12
Let r(j) be the third derivative of j**5/60 + j**4/12 - j**3/2 + 2*j**2 + 281*j. What is r(6)?
45
Let t(f) = 33*f - 1. Suppose 4*o + 14 = 10. Calculate t(o).
-34
Let u = -36 - -30. Let f = 3 - 13. Let y = u - f. Let q(b) = -b**3 + 3*b**2 + 4*b + 4. Calculate q(y).
4
Let a(v) = v**3 - 3*v**2 - 11*v + 22. Let z be a(4). Let y(i) = -i**2 - 7*i + 5. What is y(z)?
11
Let u(p) = 2*p**2 - 2*p**3 - 2 + p**3 + 4 - 9*p**2. Determine u(-7).
2
Suppose 2*y - 112 = -2*y. Let h be 35/y*(-8)/(-2). Let x(t) = -2*t + 1. Give x(h).
-9
Let x(s) be the first derivative of s**5/10 - s**3/6 + s**2/2 + 3. Let r(j) be the second derivative of x(j). Let h = -6 - -5. Determine r(h).
5
Let k(j) be the second derivative of -j**4/12 - 2*j**3/3 + j**2/2 + 20*j + 1. Calculate k(-7).
-20
Suppose 26*s - 108 = 8*s. Let c(m) = m - 3. What is c(s)?
3
Let c(s) = 7 + s - 10*s - 613*s**2 + 614*s**2. Determine c(10).
17
Let k(o) = 9*o**2 - 5*o - 1. Let c(p) = 7*p**2 - 4*p - 1. Let t(m) = 4*c(m) - 3*k(m). Determine t(4).
11
Let d(m) be the first derivative of -m**6/120 + m**4/8 - m**3/3 + 5*m**2/2 + 19. Let v(y) be the second derivative of d(y). What is v(2)?
-4
Suppose 0 = 3*r + 2*r - 30. Let k = -30 + 44. Let n(l) = -8 - r*l + k*l**3 - 15*l**3 + l - 7*l**2. Give n(-6).
-14
Let y be 2/5 - (-92)/20. Suppose -y*h - 14 = -3*l, -l = 4*h + 1 - 0. Let x(v) = -6*v**2 + 2 - v - 2. Give x(h).
-5
Let a(q) be the third derivative of -q**5/20 + q**4/4 - 5*q**3/6 - 256*q**2. Determine a(5).
-50
Suppose -5*n + 20 = -n. Let a(z) = -z**3 + 7*z**2 + 2*z - 10. Let t be a(7). Let o(d) = 2*d + t*d - 3*d - 6 + 2*d - d**2. What is o(n)?
-6
Let s(d) be the first derivative of d + 37 - 5/2*d**2. What is s(3)?
-14
Let b = -1232 - -1229. Let w(x) = x + 8. Calculate w(b).
5
Let h(c) be the second derivative of -1/6*c**3 + 2*c**2 + 0 - 5*c. What is h(9)?
-5
Let l(t) = -t**2 + 11*t - 5. Let d be l(10). Let i(u) be the second derivative of u**4/12 - 4*u**3/3 + 7*u**2/2 - 13*u. Calculate i(d).
-8
Suppose 3*w + 3 = -0*w. Let n(d) = -d**2 + 17*d + 21. Let k be n(18). Let z(y) = -18*y**k - 20*y**3 + 32*y**3. Calculate z(w).
6
Let p be (17 + -14)*(2 - 0). Suppose -2*j = -24 - p. Suppose 0 = 5*m + j. Let k(i) = 2*i**2 + 4*i. What is k(m)?
6
Let n(p) be the first derivative of -2*p**3/3 - 33*p**2/2 - 8*p - 78. What is n(-16)?
8
Let a(i) = -8*i**2 + 6*i - 14. Let n(g) = 0 - 22*g**2 - 5 + 2*g + 19*g**2. Let h(w) = 4*a(w) - 11*n(w). What is h(-3)?
2
Let d(w) = w**2 + 6*w. Let k be d(-6). Suppose -3*a - 5*h + h + 18 = k, h - 13 = -5*a. Let v(i) = 23*i + 1 + 18*i**3 + 4*i**2 - 21*i - 2*i**a. Give v(-1).
-17
Let a = -26 - -72. Suppose -3*k + 1 = 2*q, 3*q + 0*q = 5*k - a. Let i(j) = -j**3 - 8*j**2 - 7*j + 10. Determine i(q).
10
Let i(z) = z**3 + 6*z**2 - 5*z + 5. Let d be 5/((-20)/(-12)) + 9. Suppose -3*a - 9 = d. Give i(a).
-9
Let n(r) = 10*r**2 + r + 4. Let x(m) = -7*m*